remainder when d*22/12*4 is divided by 23?
21
Let j(i) = 15*i**2 - 1606*i + 301. Calculate the remainder when 1353 is divided by j(107).
189
Suppose 2*h = -2*o + 960, -52*o - 1432 = -3*h - 47*o. What is the remainder when h is divided by 220?
39
Let h = 8434 + -8198. What is the remainder when h is divided by 48?
44
Suppose -64*k - 2*t = -68*k + 274, 5*k - 339 = -t. What is the remainder when 157 is divided by k?
21
Suppose 55*r + 10030 = 89*r. What is the remainder when r is divided by 89?
28
Let s = 446 - -1372. Calculate the remainder when 3644 is divided by s.
8
Let m = 87 - 77. Let l = 97 + -8. What is the remainder when l is divided by m?
9
Suppose -5*i + 3*r + 9 = 0, -2*i + 9 = -0*i - 3*r. Let y be (-2)/(3/(i - 750)*-4). Let a = y - -257. What is the remainder when a is divided by 27?
24
Let c = -1040 + 1093. What is the remainder when 101 is divided by c?
48
Suppose f + 6 = -6. Let a be f/(-5) - (-81)/135. Suppose -58 = -a*h + 47. Calculate the remainder when 64 is divided by h.
29
Let w(s) = -23*s - 1091. Calculate the remainder when 381 is divided by w(-51).
53
Suppose -32*y + 222 - 30 = 0. Suppose 8 - 56 = -y*s. Calculate the remainder when s is divided by (15/(-12))/((-2)/8).
3
Let s(p) = p**2 + 48*p + 757. Calculate the remainder when s(-33) is divided by 51.
7
Suppose 3*a + 3*a = 3*a. Suppose a = -5*f + 2*y + 99, -5*f = -10*f + 4*y + 103. What is the remainder when 132 is divided by f?
18
Suppose -83 = x - 0*x. Let a = x + 239. What is the remainder when a is divided by 53?
50
What is the remainder when 472 is divided by (814/(-185))/(4/(-20))?
10
Let r = 51 + -40. Let t(i) = -15*i - 2*i**2 - 4 + 3*i**3 - 4*i**3 - 24 - r*i**2. What is the remainder when 47 is divided by t(-12)?
7
Let d(i) = 3*i**2 + 16*i - 12. Let k be d(-6). Suppose k*u = -12*u + 708. Calculate the remainder when 64 is divided by u.
5
Let n(c) = -341*c + 1. Let m(h) = -h**3 - 19*h**2 + 10*h - 177. Calculate the remainder when n(-1) is divided by m(-20).
20
Suppose 56*i - 1219 = -435. Calculate the remainder when 37 is divided by i.
9
Let h = 53794 + -53713. Let o = 2 - -237. Calculate the remainder when o is divided by h.
77
Let s = -194 + 258. Calculate the remainder when 284 is divided by s.
28
Suppose 6*j + 1203 = 3*c, -3*j - 83 = -80. Calculate the remainder when c is divided by 40.
39
Let c = 158 + -101. Let f be 23 + -19 + 2*-28. Let x = f - -81. Calculate the remainder when c is divided by x.
28
Suppose 0 = 5*n - 0*n. Suppose -4*g + 2*u = -14, -3*g = -5*u - 9 - 12. Suppose g*m - 25 - 11 = n. What is the remainder when 107 is divided by m?
17
Let w(l) = 9*l - 16. Let i be w(2). Suppose 4*b + 54*j - 49*j - 161 = 0, -5*j - 43 = -i*b. Calculate the remainder when 337 is divided by b.
31
Let s = 73 + -51. Let n(f) = 35*f**2 + 10*f + 11. Let u(z) = -2*z**2 - 8*z + 8. Let l be u(-5). Calculate the remainder when n(l) is divided by s.
21
Suppose -7*a = 2361 - 3488. Suppose -11 - 15 = -z. Let c = z - -1. Calculate the remainder when a is divided by c.
26
Let a(k) = k**3 + k + 1. Let n(w) = -4*w**3 - w**2 - 19*w - 2. Let d(o) = 6*a(o) + n(o). What is the remainder when d(4) is divided by 22?
20
Suppose -4*v + 13046 = 2*d, v - 19 + 10 = 0. Calculate the remainder when d is divided by 42.
37
Let i = -50 + -21. Let p = 8 - i. Let t = -55 + p. Calculate the remainder when t is divided by 7.
3
Suppose 13*o - 499 - 203 = 0. Let c = -14 - -18. Calculate the remainder when o is divided by (7/(-2))/((-1)/c).
12
Suppose -4*k = -2*t - 68, -4*t + 2*k - 127 = -3*k. Let v = 30 + t. Suppose 88 = v*m + 34. What is the remainder when 102 is divided by m?
21
Let q be 29*(-6 + 49/7). Suppose -6*j + q + 13 = 0. What is the remainder when j is divided by 1?
0
Let n be (6 - -159)*6/9. Let p = -235 + 329. Let m = n - p. Calculate the remainder when 30 is divided by m.
14
Suppose 2*x - 10 = x. Suppose -2*p + 8 = -152. What is the remainder when p is divided by (-5 - -11)*35/x?
17
Let i be 2/(-15) - (-704)/(-120). Let z be (-58)/i + (-2)/3. Suppose 480 = y + z*y. Calculate the remainder when y is divided by 10.
8
Suppose 59*u - 4389 = 2*u. What is the remainder when u is divided by 52?
25
Calculate the remainder when 2111 is divided by 3/(-17) - 735/(-119).
5
Let n = 1587 - 1582. Calculate the remainder when 723 is divided by n.
3
Suppose -307*d = -99*d - 5408. What is the remainder when d is divided by 15?
11
Let l(p) = -p**3 + 14*p**2 + 5*p + 4. Suppose 826*t = 830*t - 7528. Suppose t*s - 27 = 1881*s. What is the remainder when l(6) is divided by s?
25
Suppose 4*m = -t - 2, 5 = 3*t + 7*m - 6*m. Calculate the remainder when t is divided by 1.
0
Let t = -24 + -1. Let a = -22 - t. Calculate the remainder when 4 + (-2)/(-1) - 2 is divided by a.
1
Let w(o) = 53*o + 254. Let z(m) = 26*m + 126. Let a(u) = 4*w(u) - 9*z(u). What is the remainder when a(-10) is divided by 13?
11
Let x be (-3)/(-5) + 44/10. Let f(w) = 3*w**2 + 6*w + 7. Suppose -3*u - 21 - 11 = -a, 15 = -5*u. What is the remainder when f(x) is divided by a?
20
Suppose -r = q - 71, -7*r + 13*r + 36 = 0. Let j(n) = 11*n + 7. Let l be j(7). Suppose -l = -2*g - 2*g. Calculate the remainder when q is divided by g.
14
Let q = 4426 - 4068. What is the remainder when q is divided by 7?
1
Suppose -4*w + 68 = -2*m, -4*m + 2 = -6. Let p = -86 + 90. What is the remainder when w is divided by p?
2
Let w be (-4 + (-24)/(-5))*-5. Let v be (-16)/12*15/w. Suppose v + 2 = q. What is the remainder when 16 is divided by q?
2
Let f(a) = 2*a**3 - 69*a**2 + 35*a - 18. What is the remainder when 157 is divided by f(34)?
13
Let b(z) = 4*z + 6. Let c be b(-3). Let o = c + 23. Let s(u) = u**2 + 21*u + 52. What is the remainder when s(-20) is divided by o?
15
Suppose -213 + 911 = 256*z - 1862. Let k(l) = 13*l**3 - l**2 + 2*l - 1. What is the remainder when k(1) is divided by z?
3
Suppose 36 = -4*k, 356*q + 338 = 360*q - 2*k. What is the remainder when q is divided by (4/1)/(4/18)?
8
Let z(d) = d**2 + 6*d + 27. Let y(j) = 4*j + 70. Let o be y(-19). Calculate the remainder when 93 is divided by z(o).
12
Suppose 2*d - 685 = 7*d + 5*u, 4*d = 5*u - 548. Let z = -95 - d. Calculate the remainder when z is divided by 24.
18
Suppose -z + 2*b - 51 = -2*z, 5*z + 5*b = 215. Let l(p) = 5*p + 10. Let a be l(-5). What is the remainder when z is divided by a*(18/(-15) - 0)?
17
Suppose 6*q + 21 = -2175. Let l = q + 415. Calculate the remainder when 164 is divided by l.
17
Let k = 35 + -31. Let g(t) = t**3 - 3*t**2 - 3*t. Let s be g(k). Suppose 121 + 223 = s*x. Calculate the remainder when x is divided by 30.
26
Let b = -1448 + 1520. Calculate the remainder when 1294 is divided by b.
70
Suppose -4*b - i = -31, 5*b + i + 0*i = 39. What is the remainder when 89 is divided by b/(-64) + 210/16?
11
Suppose -2*w + 45 = -6*n + n, 15 = -3*n. Let r be (-88)/(-10) - (-2)/w. Suppose r*p - 205 = 29. What is the remainder when 72 is divided by p?
20
Let j(i) be the second derivative of i**4/2 + 5*i**3/6 + 3*i**2/2 - 26*i - 1. What is the remainder when j(-4) is divided by 43?
36
Suppose 5443*w + 672 = 5464*w. Calculate the remainder when 156 is divided by w.
28
Let q(j) = 5*j**2 - 212*j + 1112. Calculate the remainder when 2919 is divided by q(6).
19
Suppose 2*y + 20 = -18 + 50, -5*z - y + 116 = 0. Suppose 5*h - 128 + 18 = 0. What is the remainder when z is divided by h?
0
Let h = -117 - -46. Let r(c) = -c**3 + 8*c**2 - 6*c + 7. Let p be r(8). Let v = p - h. What is the remainder when v is divided by 12?
6
Suppose h - 30 = 5*f, 0*f = 3*h + f - 10. What is the remainder when 2 + (18/1 - (6 + -6)) is divided by h?
0
Suppose -31*v = -34*v + 189. Let m be (8/(-28) - (-9)/7)*-2. What is the remainder when v is divided by (2 - (2 - -2))*22/m?
19
Let r = -162 - -165. Calculate the remainder when (-2)/(4636/1548 - r) + 1 is divided by 17.
14
Let v(w) = 2*w**2 + 16*w + 25. Let x be v(-5). What is the remainder when x + (210/24)/((-2)/(-32)) is divided by 37?
24
Let f = 122 + -121. Calculate the remainder when 5*f*(9/3 - -13) is divided by 12.
8
Suppose 0 = -3*u + 2*q + 1, 0 = 5*u + 3*q - 32 + 5. What is the remainder when 75 - 24*(-2)/6 is divided by u?
2
Let f = 38 - 6. Suppose -237*b + 2834 = -1445 - 224. What is the remainder when f is divided by b?
13
Let p(b) = b**3 + 3*b**2 - b - 5. Let y